{"id":16686,"date":"2022-03-13T21:27:39","date_gmt":"2022-03-13T20:27:39","guid":{"rendered":"https:\/\/www.paulroubier.com\/?page_id=16686"},"modified":"2025-12-02T11:32:12","modified_gmt":"2025-12-02T10:32:12","slug":"livret-daccueil","status":"publish","type":"page","link":"https:\/\/www.paulroubier.com\/index.php\/livret-daccueil\/","title":{"rendered":"Livret d&#8217;accueil"},"content":{"rendered":"<p>[vc_row css_animation=&#8221;&#8221; row_type=&#8221;row&#8221; use_row_as_full_screen_section=&#8221;no&#8221; type=&#8221;full_width&#8221; angled_section=&#8221;no&#8221; text_align=&#8221;left&#8221; background_image_as_pattern=&#8221;without_pattern&#8221; z_index=&#8221;&#8221; padding_top=&#8221;40&#8243;][vc_column][vc_row_inner row_type=&#8221;row&#8221; type=&#8221;full_width&#8221; text_align=&#8221;left&#8221; css_animation=&#8221;&#8221;][vc_column_inner width=&#8221;2\/3&#8243;][vc_column_text]<\/p>\n<h3>Pr\u00e9sentation<\/h3>\n<p>&nbsp;<\/p>\n<p>Le livret d&#8217;accueil du stagiaire est distribu\u00e9 \u00e0 nos stagiaires. Il comprend:<\/p>\n<p>&nbsp;<\/p>\n<ul>\n<li>les informations sur le Centre, ses formations, ses formateurs, la p\u00e9dagogie, l&#8217;accueil des personnes en situation de handicap,<\/li>\n<\/ul>\n<p>&nbsp;<\/p>\n<ul>\n<li>les conditions g\u00e9n\u00e9rales applicables aux formations du Centre,<\/li>\n<\/ul>\n<p>&nbsp;<\/p>\n<ul>\n<li>le r\u00e8glement int\u00e9rieur du Centre,<\/li>\n<\/ul>\n<p>&nbsp;<\/p>\n<ul>\n<li>et des informations pratiques.<\/li>\n<\/ul>\n<p>[\/vc_column_text][vc_empty_space][\/vc_column_inner][vc_column_inner width=&#8221;1\/3&#8243;][vc_single_image image=&#8221;17098&#8243; img_size=&#8221;medium&#8221; onclick=&#8221;custom_link&#8221; img_link_target=&#8221;_blank&#8221; qode_css_animation=&#8221;&#8221; link=&#8221;https:\/\/www.paulroubier.com\/wp-content\/uploads\/2023\/11\/LIVRET-DACCUEIL-DU-STAGIAIRE-CPR.pdf&#8221;][vc_empty_space]<a  itemprop=\"url\" href=\"https:\/\/www.paulroubier.com\/wp-content\/uploads\/2025\/12\/LIVRET-DACCUEIL-DU-STAGIAIRE-2025-2026.pdf\" target=\"_self\"  class=\"qbutton  default\" style=\"\">T\u00e9l\u00e9charger le livret<\/a>[\/vc_column_inner][\/vc_row_inner][\/vc_column][\/vc_row][vc_row css_animation=&#8221;&#8221; row_type=&#8221;row&#8221; use_row_as_full_screen_section=&#8221;no&#8221; type=&#8221;full_width&#8221; angled_section=&#8221;no&#8221; text_align=&#8221;left&#8221; background_image_as_pattern=&#8221;without_pattern&#8221;][vc_column][vc_empty_space height=&#8221;80px&#8221;][\/vc_column][\/vc_row]<\/p>\n","protected":false},"excerpt":{"rendered":"<p>[vc_row css_animation=&#8221;&#8221; row_type=&#8221;row&#8221; use_row_as_full_screen_section=&#8221;no&#8221; type=&#8221;full_width&#8221; angled_section=&#8221;no&#8221; text_align=&#8221;left&#8221; background_image_as_pattern=&#8221;without_pattern&#8221; z_index=&#8221;&#8221; padding_top=&#8221;40&#8243;][vc_column][vc_row_inner row_type=&#8221;row&#8221; type=&#8221;full_width&#8221; text_align=&#8221;left&#8221; css_animation=&#8221;&#8221;][vc_column_inner width=&#8221;2\/3&#8243;][vc_column_text] Pr\u00e9sentation &nbsp; Le livret d&#8217;accueil du stagiaire est distribu\u00e9 \u00e0 nos stagiaires. Il comprend: &nbsp; les informations sur le Centre, ses formations, ses formateurs, la p\u00e9dagogie, l&#8217;accueil des personnes en&#8230;<\/p>\n","protected":false},"author":2,"featured_media":0,"parent":0,"menu_order":0,"comment_status":"closed","ping_status":"closed","template":"","meta":{"footnotes":""},"class_list":["post-16686","page","type-page","status-publish","hentry"],"_links":{"self":[{"href":"https:\/\/www.paulroubier.com\/index.php\/wp-json\/wp\/v2\/pages\/16686","targetHints":{"allow":["GET"]}}],"collection":[{"href":"https:\/\/www.paulroubier.com\/index.php\/wp-json\/wp\/v2\/pages"}],"about":[{"href":"https:\/\/www.paulroubier.com\/index.php\/wp-json\/wp\/v2\/types\/page"}],"author":[{"embeddable":true,"href":"https:\/\/www.paulroubier.com\/index.php\/wp-json\/wp\/v2\/users\/2"}],"replies":[{"embeddable":true,"href":"https:\/\/www.paulroubier.com\/index.php\/wp-json\/wp\/v2\/comments?post=16686"}],"version-history":[{"count":22,"href":"https:\/\/www.paulroubier.com\/index.php\/wp-json\/wp\/v2\/pages\/16686\/revisions"}],"predecessor-version":[{"id":17251,"href":"https:\/\/www.paulroubier.com\/index.php\/wp-json\/wp\/v2\/pages\/16686\/revisions\/17251"}],"wp:attachment":[{"href":"https:\/\/www.paulroubier.com\/index.php\/wp-json\/wp\/v2\/media?parent=16686"}],"curies":[{"name":"wp","href":"https:\/\/api.w.org\/{rel}","templated":true}]}}