{"id":16441,"date":"2019-10-08T14:05:20","date_gmt":"2019-10-08T12:05:20","guid":{"rendered":"http:\/\/www.paulroubier.com\/?page_id=16441"},"modified":"2022-09-06T08:26:07","modified_gmt":"2022-09-06T06:26:07","slug":"le-cycle-dactualisation-v2","status":"publish","type":"page","link":"https:\/\/www.paulroubier.com\/index.php\/le-cycle-dactualisation-v2\/","title":{"rendered":"Les conf\u00e9rences"},"content":{"rendered":"<p>[vc_row css_animation=&#8221;&#8221; row_type=&#8221;row&#8221; use_row_as_full_screen_section=&#8221;no&#8221; type=&#8221;full_width&#8221; angled_section=&#8221;no&#8221; text_align=&#8221;left&#8221; background_image_as_pattern=&#8221;without_pattern&#8221;][vc_column width=&#8221;1\/4&#8243;][vc_single_image image=&#8221;16210&#8243; img_size=&#8221;full&#8221; qode_css_animation=&#8221;&#8221;][\/vc_column][vc_column width=&#8221;3\/4&#8243;][vc_column_text]<span class=\"txtGris\">Les conf\u00e9rences d\u2019actualisation et de perfectionnement sont destin\u00e9es \u00e0 un public de praticiens confirm\u00e9s souhaitant approfondir leurs connaissances et les actualiser. L\u2019objectif est d\u2019offrir aux praticiens une mise \u00e0 jour sur l\u2019actualit\u00e9 et la protection des biens intellectuels.<\/span>[\/vc_column_text][\/vc_column][\/vc_row][vc_row css_animation=&#8221;&#8221; row_type=&#8221;row&#8221; use_row_as_full_screen_section=&#8221;no&#8221; type=&#8221;full_width&#8221; angled_section=&#8221;no&#8221; text_align=&#8221;left&#8221; background_image_as_pattern=&#8221;without_pattern&#8221;][vc_column][vc_empty_space][vc_accordion active_tab=&#8221;1&#8243; style=&#8221;toggle&#8221;][vc_accordion_tab title=&#8221;Journ\u00e9e 1 : D\u00e9fense des droits, proc\u00e9dures &#8211; 28 mars 2022&#8243;][vc_row_inner row_type=&#8221;row&#8221; type=&#8221;full_width&#8221; text_align=&#8221;left&#8221; css_animation=&#8221;&#8221;][vc_column_inner][vc_column_text]<strong>Intervenants<\/strong><\/p>\n<p class=\"p1\">Charles de Haas, Avocat au barreau de Paris, Chercheur associ\u00e9 \u00e0 l\u2019IRPI.<\/p>\n<p class=\"p1\">Jean-Pierre Stouls, Avocat au barreau de Lyon, Conseiller du Commerce Ext\u00e9rieur de la France.<\/p>\n<p class=\"p1\">Edouard Treppoz, Professeur agr\u00e9g\u00e9 des Facult\u00e9s de droits, Universit\u00e9 Paris 1 Panth\u00e9on Sorbonne.<\/p>\n<p>Pascal Kamina, Professeur agr\u00e9g\u00e9 des Facult\u00e9s de droits, Universit\u00e9 Lyon III, avocat, Directeur du Centre Paul Roubier.[\/vc_column_text][\/vc_column_inner][\/vc_row_inner][\/vc_accordion_tab][vc_accordion_tab title=&#8221;Journ\u00e9e 2 (demi-journ\u00e9e): Juridiction unifi\u00e9e du brevet (bases) &#8211; 26 septembre 2022&#8243;][vc_row_inner row_type=&#8221;row&#8221; type=&#8221;full_width&#8221; text_align=&#8221;left&#8221; css_animation=&#8221;&#8221;][vc_column_inner][vc_column_text]<strong>Intervenants<\/strong><\/p>\n<p class=\"p1\">Pierre V\u00e9ron. Ancien Pr\u00e9sident de l\u2019European Patent Lawyers Association et de l\u2019AAPI, Membre du comit\u00e9 de r\u00e9daction du r\u00e8glement de proc\u00e9dure de la JUB et du groupe d\u2019experts conseillant le comit\u00e9 pr\u00e9paratoire de la JUB.<\/p>\n<p class=\"p1\">Thomas Bouvet. Avocat au barreau de Paris, Ancien Pr\u00e9sident du GRAPI.<\/p>\n<p>[\/vc_column_text][\/vc_column_inner][\/vc_row_inner][\/vc_accordion_tab][vc_accordion_tab title=&#8221;Journ\u00e9e 3 : Juridiction unifi\u00e9e du brevet (perfectionnement) &#8211; 7 novembre 2022&#8243;][vc_row_inner row_type=&#8221;row&#8221; type=&#8221;full_width&#8221; text_align=&#8221;left&#8221; css_animation=&#8221;&#8221;][vc_column_inner][vc_column_text]<strong>Intervenants<\/strong><\/p>\n<p class=\"p1\">Pierre V\u00e9ron. Ancien Pr\u00e9sident de l\u2019European Patent Lawyers Association et de l\u2019AAPI, Membre du comit\u00e9 de r\u00e9daction du r\u00e8glement de proc\u00e9dure de la JUB et du groupe d\u2019experts conseillant le comit\u00e9 pr\u00e9paratoire de la JUB.<\/p>\n<p class=\"p1\">Thomas Bouvet. Avocat au barreau de Paris, Ancien Pr\u00e9sident du GRAPI.<\/p>\n<p>[\/vc_column_text][\/vc_column_inner][\/vc_row_inner][\/vc_accordion_tab][vc_accordion_tab title=&#8221;Journ\u00e9e 4 : Actualit\u00e9s droit des marques &#8211; 21 novembre 2022&#8243;][vc_row_inner row_type=&#8221;row&#8221; type=&#8221;full_width&#8221; text_align=&#8221;left&#8221; css_animation=&#8221;&#8221;][vc_column_inner][vc_column_text]<strong>Intervenants<\/strong><\/p>\n<p>G\u00e9raldine Arbant. Avocate au Barreau de Paris, Membre du Comit\u00e9 directeur du groupe fran\u00e7ais de l\u2019AIPPI et de l\u2019International committee of privacy and anti-counterfeiting de l\u2019AIPPI.<\/p>\n<p>Yann Basire. Directeur g\u00e9n\u00e9ral du CEIPI, Ma\u00eetre de conf\u00e9rences \u00e0 l\u2019Universit\u00e9 de Strasbourg.[\/vc_column_text][\/vc_column_inner][\/vc_row_inner][\/vc_accordion_tab][\/vc_accordion][\/vc_column][\/vc_row]<\/p>\n","protected":false},"excerpt":{"rendered":"<p>[vc_row css_animation=&#8221;&#8221; row_type=&#8221;row&#8221; use_row_as_full_screen_section=&#8221;no&#8221; type=&#8221;full_width&#8221; angled_section=&#8221;no&#8221; text_align=&#8221;left&#8221; background_image_as_pattern=&#8221;without_pattern&#8221;][vc_column width=&#8221;1\/4&#8243;][vc_single_image image=&#8221;16210&#8243; img_size=&#8221;full&#8221; qode_css_animation=&#8221;&#8221;][\/vc_column][vc_column width=&#8221;3\/4&#8243;][vc_column_text]Les conf\u00e9rences d\u2019actualisation et de perfectionnement sont destin\u00e9es \u00e0 un public de praticiens confirm\u00e9s souhaitant approfondir leurs connaissances et les actualiser. L\u2019objectif est d\u2019offrir aux praticiens une mise \u00e0 jour sur l\u2019actualit\u00e9 et&#8230;<\/p>\n","protected":false},"author":1,"featured_media":0,"parent":0,"menu_order":0,"comment_status":"closed","ping_status":"closed","template":"","meta":{"footnotes":""},"class_list":["post-16441","page","type-page","status-publish","hentry"],"_links":{"self":[{"href":"https:\/\/www.paulroubier.com\/index.php\/wp-json\/wp\/v2\/pages\/16441","targetHints":{"allow":["GET"]}}],"collection":[{"href":"https:\/\/www.paulroubier.com\/index.php\/wp-json\/wp\/v2\/pages"}],"about":[{"href":"https:\/\/www.paulroubier.com\/index.php\/wp-json\/wp\/v2\/types\/page"}],"author":[{"embeddable":true,"href":"https:\/\/www.paulroubier.com\/index.php\/wp-json\/wp\/v2\/users\/1"}],"replies":[{"embeddable":true,"href":"https:\/\/www.paulroubier.com\/index.php\/wp-json\/wp\/v2\/comments?post=16441"}],"version-history":[{"count":19,"href":"https:\/\/www.paulroubier.com\/index.php\/wp-json\/wp\/v2\/pages\/16441\/revisions"}],"predecessor-version":[{"id":17053,"href":"https:\/\/www.paulroubier.com\/index.php\/wp-json\/wp\/v2\/pages\/16441\/revisions\/17053"}],"wp:attachment":[{"href":"https:\/\/www.paulroubier.com\/index.php\/wp-json\/wp\/v2\/media?parent=16441"}],"curies":[{"name":"wp","href":"https:\/\/api.w.org\/{rel}","templated":true}]}}

Les conférences

<p>[vc_row css_animation=&#8221;&#8221; row_type=&#8221;row&#8221; use_row_as_full_screen_section=&#8221;no&#8221; type=&#8221;full_width&#8221; angled_section=&#8221;no&#8221; text_align=&#8221;left&#8221; background_image_as_pattern=&#8221;without_pattern&#8221;][vc_column width=&#8221;1/4&#8243;][vc_single_image image=&#8221;16210&#8243; img_size=&#8221;full&#8221; qode_css_animation=&#8221;&#8221;][/vc_column][vc_column width=&#8221;3/4&#8243;][vc_column_text]<span class="txtGris">Les conférences d’actualisation et de perfectionnement sont destinées à un public de praticiens confirmés souhaitant approfondir leurs connaissances et les actualiser. L’objectif est d’offrir aux praticiens une mise à jour sur l’actualité et la protection des biens intellectuels.</span>[/vc_column_text][/vc_column][/vc_row][vc_row css_animation=&#8221;&#8221; row_type=&#8221;row&#8221; use_row_as_full_screen_section=&#8221;no&#8221; type=&#8221;full_width&#8221; angled_section=&#8221;no&#8221; text_align=&#8221;left&#8221; background_image_as_pattern=&#8221;without_pattern&#8221;][vc_column][vc_empty_space][vc_accordion active_tab=&#8221;1&#8243; style=&#8221;toggle&#8221;][vc_accordion_tab title=&#8221;Journée 1 : Défense des droits, procédures &#8211; 28 mars 2022&#8243;][vc_row_inner row_type=&#8221;row&#8221; type=&#8221;full_width&#8221; text_align=&#8221;left&#8221; css_animation=&#8221;&#8221;][vc_column_inner][vc_column_text]<strong>Intervenants</strong></p>
<p class="p1">Charles de Haas, Avocat au barreau de Paris, Chercheur associé à l’IRPI.</p>
<p class="p1">Jean-Pierre Stouls, Avocat au barreau de Lyon, Conseiller du Commerce Extérieur de la France.</p>
<p class="p1">Edouard Treppoz, Professeur agrégé des Facultés de droits, Université Paris 1 Panthéon Sorbonne.</p>
<p>Pascal Kamina, Professeur agrégé des Facultés de droits, Université Lyon III, avocat, Directeur du Centre Paul Roubier.[/vc_column_text][/vc_column_inner][/vc_row_inner][/vc_accordion_tab][vc_accordion_tab title=&#8221;Journée 2 (demi-journée): Juridiction unifiée du brevet (bases) &#8211; 26 septembre 2022&#8243;][vc_row_inner row_type=&#8221;row&#8221; type=&#8221;full_width&#8221; text_align=&#8221;left&#8221; css_animation=&#8221;&#8221;][vc_column_inner][vc_column_text]<strong>Intervenants</strong></p>
<p class="p1">Pierre Véron. Ancien Président de l’European Patent Lawyers Association et de l’AAPI, Membre du comité de rédaction du règlement de procédure de la JUB et du groupe d’experts conseillant le comité préparatoire de la JUB.</p>
<p class="p1">Thomas Bouvet. Avocat au barreau de Paris, Ancien Président du GRAPI.</p>
<p>[/vc_column_text][/vc_column_inner][/vc_row_inner][/vc_accordion_tab][vc_accordion_tab title=&#8221;Journée 3 : Juridiction unifiée du brevet (perfectionnement) &#8211; 7 novembre 2022&#8243;][vc_row_inner row_type=&#8221;row&#8221; type=&#8221;full_width&#8221; text_align=&#8221;left&#8221; css_animation=&#8221;&#8221;][vc_column_inner][vc_column_text]<strong>Intervenants</strong></p>
<p class="p1">Pierre Véron. Ancien Président de l’European Patent Lawyers Association et de l’AAPI, Membre du comité de rédaction du règlement de procédure de la JUB et du groupe d’experts conseillant le comité préparatoire de la JUB.</p>
<p class="p1">Thomas Bouvet. Avocat au barreau de Paris, Ancien Président du GRAPI.</p>
<p>[/vc_column_text][/vc_column_inner][/vc_row_inner][/vc_accordion_tab][vc_accordion_tab title=&#8221;Journée 4 : Actualités droit des marques &#8211; 21 novembre 2022&#8243;][vc_row_inner row_type=&#8221;row&#8221; type=&#8221;full_width&#8221; text_align=&#8221;left&#8221; css_animation=&#8221;&#8221;][vc_column_inner][vc_column_text]<strong>Intervenants</strong></p>
<p>Géraldine Arbant. Avocate au Barreau de Paris, Membre du Comité directeur du groupe français de l’AIPPI et de l’International committee of privacy and anti-counterfeiting de l’AIPPI.</p>
<p>Yann Basire. Directeur général du CEIPI, Maître de conférences à l’Université de Strasbourg.[/vc_column_text][/vc_column_inner][/vc_row_inner][/vc_accordion_tab][/vc_accordion][/vc_column][/vc_row]</p>

<p>[vc_row css_animation=&#8221;&#8221; row_type=&#8221;row&#8221; use_row_as_full_screen_section=&#8221;no&#8221; type=&#8221;full_width&#8221; angled_section=&#8221;no&#8221; text_align=&#8221;left&#8221; background_image_as_pattern=&#8221;without_pattern&#8221;][vc_column width=&#8221;1/4&#8243;][vc_single_image image=&#8221;16210&#8243; img_size=&#8221;full&#8221; qode_css_animation=&#8221;&#8221;][/vc_column][vc_column width=&#8221;3/4&#8243;][vc_column_text]Les conférences d’actualisation et de perfectionnement sont destinées à un public de praticiens confirmés souhaitant approfondir leurs connaissances et les actualiser. L’objectif est d’offrir aux praticiens une mise à jour sur l’actualité et&#8230;</p>
