{"id":16234,"date":"2018-10-03T15:55:45","date_gmt":"2018-10-03T13:55:45","guid":{"rendered":"http:\/\/www.paulroubier.com\/?page_id=16234"},"modified":"2022-05-06T14:59:20","modified_gmt":"2022-05-06T12:59:20","slug":"module-07-cycle-dactualisation","status":"publish","type":"page","link":"https:\/\/www.paulroubier.com\/index.php\/module-07-cycle-dactualisation\/","title":{"rendered":"Module 7 : cycle d\u2019actualisation"},"content":{"rendered":"<p>[vc_row css_animation=&#8221;&#8221; row_type=&#8221;row&#8221; use_row_as_full_screen_section=&#8221;no&#8221; type=&#8221;full_width&#8221; angled_section=&#8221;no&#8221; text_align=&#8221;left&#8221; background_image_as_pattern=&#8221;without_pattern&#8221;][vc_column width=&#8221;1\/4&#8243;][vc_single_image image=&#8221;16210&#8243; img_size=&#8221;full&#8221; qode_css_animation=&#8221;&#8221;][\/vc_column][vc_column width=&#8221;3\/4&#8243;][vc_column_text]<span class=\"txtGris\">Le cycle d\u2019actualisation de trois journ\u00e9es est destin\u00e9 \u00e0 un public de praticiens confirm\u00e9s souhaitant approfondir<br \/>\nleurs connaissances et les actualiser. L\u2019objectif est d\u2019offrir aux praticiens une mise \u00e0 jour sur l\u2019actualit\u00e9<br \/>\ndu droit des contrats, du droit des marques et du droit des nouvelles technologies.<\/span>[\/vc_column_text][\/vc_column][\/vc_row][vc_row css_animation=&#8221;&#8221; row_type=&#8221;row&#8221; use_row_as_full_screen_section=&#8221;no&#8221; type=&#8221;full_width&#8221; angled_section=&#8221;no&#8221; text_align=&#8221;left&#8221; background_image_as_pattern=&#8221;without_pattern&#8221;][vc_column][vc_empty_space][vc_accordion active_tab=&#8221;1&#8243; style=&#8221;toggle&#8221;][vc_accordion_tab title=&#8221;Journ\u00e9e 1 : Actualit\u00e9 en droit des contrats&#8221; title_color=&#8221;#ffffff&#8221; background_color=&#8221;#681400&#8243;][vc_row_inner row_type=&#8221;row&#8221; type=&#8221;full_width&#8221; text_align=&#8221;left&#8221; css_animation=&#8221;&#8221;][vc_column_inner][vc_column_text]<strong>Intervenant<\/strong><br \/>\nEdouard Treppoz. Professeur agr\u00e9g\u00e9 des Facult\u00e9s de Droit, Universit\u00e9 Jean Moulin (Lyon III), Directeur du Centre Paul Roubier.<br \/>\nCharlotte Montaud. Conseil en propri\u00e9t\u00e9 industrielle.[\/vc_column_text][\/vc_column_inner][\/vc_row_inner][\/vc_accordion_tab][vc_accordion_tab title=&#8221;Journ\u00e9e 2 : Actualit\u00e9 en droit des marques&#8221;][vc_row_inner row_type=&#8221;row&#8221; type=&#8221;full_width&#8221; text_align=&#8221;left&#8221; css_animation=&#8221;&#8221;][vc_column_inner][vc_column_text]<strong>Intervenant<\/strong><br \/>\nYann Basire. Ma\u00eetre de conf\u00e9rence au CEIPI.<br \/>\nG\u00e9raldine Arbant. Avocate au Barreau de Lyon.[\/vc_column_text][\/vc_column_inner][\/vc_row_inner][\/vc_accordion_tab][vc_accordion_tab title=&#8221;Journ\u00e9e 3 : Actualit\u00e9 en droit des nouvelles technologies&#8221;][vc_row_inner row_type=&#8221;row&#8221; type=&#8221;full_width&#8221; text_align=&#8221;left&#8221; css_animation=&#8221;&#8221;][vc_column_inner][vc_column_text]<strong>Intervenants<\/strong><br \/>\nJean-Michel Brugui\u00e8re. Professeur \u00e0 l\u2019Universit\u00e9<br \/>\nGrenoble-Alpes, Directeur du CUERPI, Avocat of Counsel.[\/vc_column_text][\/vc_column_inner][\/vc_row_inner][\/vc_accordion_tab][\/vc_accordion][\/vc_column][\/vc_row]<\/p>\n","protected":false},"excerpt":{"rendered":"<p>[vc_row css_animation=&#8221;&#8221; row_type=&#8221;row&#8221; use_row_as_full_screen_section=&#8221;no&#8221; type=&#8221;full_width&#8221; angled_section=&#8221;no&#8221; text_align=&#8221;left&#8221; background_image_as_pattern=&#8221;without_pattern&#8221;][vc_column width=&#8221;1\/4&#8243;][vc_single_image image=&#8221;16210&#8243; img_size=&#8221;full&#8221; qode_css_animation=&#8221;&#8221;][\/vc_column][vc_column width=&#8221;3\/4&#8243;][vc_column_text]Le cycle d\u2019actualisation de trois journ\u00e9es est destin\u00e9 \u00e0 un public de praticiens confirm\u00e9s souhaitant approfondir leurs connaissances et les actualiser. L\u2019objectif est d\u2019offrir aux praticiens une mise \u00e0 jour sur l\u2019actualit\u00e9 du&#8230;<\/p>\n","protected":false},"author":1,"featured_media":0,"parent":0,"menu_order":0,"comment_status":"closed","ping_status":"closed","template":"","meta":{"footnotes":""},"class_list":["post-16234","page","type-page","status-publish","hentry"],"_links":{"self":[{"href":"https:\/\/www.paulroubier.com\/index.php\/wp-json\/wp\/v2\/pages\/16234","targetHints":{"allow":["GET"]}}],"collection":[{"href":"https:\/\/www.paulroubier.com\/index.php\/wp-json\/wp\/v2\/pages"}],"about":[{"href":"https:\/\/www.paulroubier.com\/index.php\/wp-json\/wp\/v2\/types\/page"}],"author":[{"embeddable":true,"href":"https:\/\/www.paulroubier.com\/index.php\/wp-json\/wp\/v2\/users\/1"}],"replies":[{"embeddable":true,"href":"https:\/\/www.paulroubier.com\/index.php\/wp-json\/wp\/v2\/comments?post=16234"}],"version-history":[{"count":3,"href":"https:\/\/www.paulroubier.com\/index.php\/wp-json\/wp\/v2\/pages\/16234\/revisions"}],"predecessor-version":[{"id":16960,"href":"https:\/\/www.paulroubier.com\/index.php\/wp-json\/wp\/v2\/pages\/16234\/revisions\/16960"}],"wp:attachment":[{"href":"https:\/\/www.paulroubier.com\/index.php\/wp-json\/wp\/v2\/media?parent=16234"}],"curies":[{"name":"wp","href":"https:\/\/api.w.org\/{rel}","templated":true}]}}