{"id":16229,"date":"2018-10-03T15:47:51","date_gmt":"2018-10-03T13:47:51","guid":{"rendered":"http:\/\/www.paulroubier.com\/?page_id=16229"},"modified":"2025-12-02T09:20:25","modified_gmt":"2025-12-02T08:20:25","slug":"module-06-les-autres-systemes-de-brevets","status":"publish","type":"page","link":"https:\/\/www.paulroubier.com\/index.php\/module-06-les-autres-systemes-de-brevets\/","title":{"rendered":"Module 6 : Les autres syst\u00e8mes de brevets"},"content":{"rendered":"<p>[vc_row css_animation=&#8221;&#8221; row_type=&#8221;row&#8221; use_row_as_full_screen_section=&#8221;no&#8221; type=&#8221;full_width&#8221; angled_section=&#8221;no&#8221; text_align=&#8221;left&#8221; background_image_as_pattern=&#8221;without_pattern&#8221;][vc_column width=&#8221;1\/4&#8243;][vc_single_image image=&#8221;16213&#8243; img_size=&#8221;full&#8221; qode_css_animation=&#8221;&#8221;][\/vc_column][vc_column width=&#8221;3\/4&#8243;][vc_column_text]<span class=\"txtGris\"><strong>Objectifs:<\/strong> Initier les auditeurs au r\u00e9gime de protection des inventions aux Etats-Unis et en Chine et aux sp\u00e9cificit\u00e9s de ces droits quant \u00e0 l\u2019acquisition et \u00e0 l\u2019exploitation de brevets dans ces pays.<\/span><\/p>\n<p><strong>Pr\u00e9requis :<\/strong> il est n\u00e9cessaire d&#8217;avoir suivi la formation \u00ab\u00a0Les voies de protection de l\u2019invention \u00bb ou d\u2019avoir les connaissances \u00e9quivalentes.<\/p>\n<p><strong>Public vis\u00e9 :<\/strong> ing\u00e9nieurs et personnels des administrations et entreprises innovantes, conseils en propri\u00e9t\u00e9 industrielle, avocats et juristes d\u2019enreprises en qu\u00eate de sp\u00e9cialisation dans le domaine des brevets.<\/p>\n<p><strong>Comp\u00e9tences : <\/strong>Pouvoir se pr\u00e9parer aux difficult\u00e9s li\u00e9es \u00e0 une introduction sur les march\u00e9s US et chinois. Identifier les interlocuteurs et prendre les mesures n\u00e9cessaires. S\u00e9curiser ses accords internationaux.[\/vc_column_text][\/vc_column][\/vc_row][vc_row css_animation=&#8221;&#8221; row_type=&#8221;row&#8221; use_row_as_full_screen_section=&#8221;no&#8221; type=&#8221;full_width&#8221; angled_section=&#8221;no&#8221; text_align=&#8221;left&#8221; background_image_as_pattern=&#8221;without_pattern&#8221;][vc_column][vc_empty_space][vc_accordion active_tab=&#8221;1&#8243; style=&#8221;toggle&#8221;][vc_accordion_tab title=&#8221;Journ\u00e9e 1 : Le brevet US&#8221; title_color=&#8221;#000000&#8243; background_color=&#8221;#ffffff&#8221;][vc_row_inner row_type=&#8221;row&#8221; type=&#8221;full_width&#8221; text_align=&#8221;left&#8221; css_animation=&#8221;&#8221;][vc_column_inner width=&#8221;1\/2&#8243;][vc_column_text]<strong>PROGRAMME :<\/strong><br \/>\n\u2022 Les conditions d\u2019obtention du brevet aux Etats-Unis.<br \/>\n\u2022 La proc\u00e9dure devant l\u2019USPTO.<br \/>\n\u2022 La port\u00e9e du brevet am\u00e9ricain.<br \/>\n\u2022 La d\u00e9fense des droits aux Etats-Unis.[\/vc_column_text][\/vc_column_inner][vc_column_inner width=&#8221;1\/2&#8243;][vc_column_text]<strong>Intervenant<\/strong><br \/>\nFranck T\u00e9taz, Conseil en propri\u00e9t\u00e9 industrielle, Mandataire agr\u00e9\u00e9 par l&#8217;Office Europ\u00e9en des Brevets.[\/vc_column_text][\/vc_column_inner][\/vc_row_inner][\/vc_accordion_tab][vc_accordion_tab title=&#8221;Journ\u00e9e 2 : La protection en Chine&#8221;][vc_row_inner row_type=&#8221;row&#8221; type=&#8221;full_width&#8221; text_align=&#8221;left&#8221; css_animation=&#8221;&#8221;][vc_column_inner width=&#8221;1\/2&#8243;][vc_column_text]<strong>PROGRAMME :<\/strong><br \/>\n\u2022 D\u00e9fendre ses droits en Chine (acquisition et d\u00e9fense des droits en Chine).<br \/>\n\u2022 D\u00e9fendre ses droits en Europe (surveillance des droits, mise en oeuvre des proc\u00e9dures).<br \/>\n\u2022 Le r\u00f4le des douanes.[\/vc_column_text][\/vc_column_inner][vc_column_inner width=&#8221;1\/2&#8243;][vc_column_text]<strong>Intervenant<\/strong><br \/>\nShujie FENG, Professeur \u00e0 l\u2019Universit\u00e9 Tsinghua, P\u00e9kin, Chine.<br \/>\nKaiyue ZHANG, IP Patent manager.[\/vc_column_text][\/vc_column_inner][\/vc_row_inner][\/vc_accordion_tab][vc_accordion_tab title=&#8221;Plan de la pr\u00e9sentation&#8221; background_color=&#8221;#dbdbdb&#8221;][vc_row_inner row_type=&#8221;row&#8221; type=&#8221;full_width&#8221; text_align=&#8221;left&#8221; css_animation=&#8221;&#8221;][vc_column_inner width=&#8221;1\/2&#8243;][vc_column_text]<strong><u>1<sup>\u00e8re<\/sup> PARTIE\u00a0:<\/u><\/strong><u> <strong>ACQUISITION DES DROITS EN CHINE<\/strong><\/u><\/p>\n<ol>\n<li>Brevets \u2013 Mod\u00e8les<\/li>\n<\/ol>\n<p>Quel int\u00e9r\u00eat de d\u00e9poser des brevets d&#8217;inventions en Chine ? Quels sont les ressemblances et les diff\u00e9rences avec les proc\u00e9dures europ\u00e9ennes ? Les brevets de Design : ressemblance et diff\u00e9rence avec les d\u00e9p\u00f4ts de Mod\u00e8les europ\u00e9ens.<\/p>\n<ol>\n<li>Marques<\/li>\n<\/ol>\n<p>Quel int\u00e9r\u00eat de d\u00e9poser une marque en Chine ? Quel bon signe pour les consommateurs locaux et pour les examinateurs juridiques ? Proc\u00e9dures d&#8217;enregistrement et d&#8217;opposition. Marque notoire et valorisation de marques.<\/p>\n<p><strong>\u00a0<\/strong><\/p>\n<p><strong><u>2<sup>\u00e8me<\/sup> PARTIE\u00a0: UTILISATION DES DROITS EN CHINE<\/u><\/strong><\/p>\n<p>Collaboration technique en CHINE<\/p>\n<p>Pourquoi et comment sous-traiter en Chine ? Les contrats de base de sous-traitances. Une histoire de &#8220;Joint Venture&#8221;<\/p>\n<p><strong>\u00a0<\/strong><\/p>\n<p><strong>\u00a0<\/strong><\/p>\n<p><strong><u>3<sup>\u00e8me<\/sup> PARTIE\u00a0: DEFENSE DES DROITS EN CHINE<\/u><\/strong><\/p>\n<p><strong>\u00a0<\/strong><\/p>\n<ol>\n<li>Surveillance<br \/>\nComment surveiller ses marques en Chine en vue d&#8217;actions ult\u00e9rieure<\/li>\n<\/ol>\n<ol>\n<li>Aper\u00e7u du syst\u00e8me judiciaire chinois<\/li>\n<\/ol>\n<p>L&#8217;organisation judiciaire en Chine. D\u00e9roulement d&#8217;un proc\u00e8s. La m\u00e9diation. Supervision des juges. La Cour supr\u00eame.<\/p>\n<ol>\n<li>Actions administratives et judiciaires contre les contrefa\u00e7ons<\/li>\n<\/ol>\n<p>Collecte de preuves. L&#8217;action administrative MSA en mati\u00e8re de marque, SIPO en mati\u00e8re de brevets. L&#8217;action judiciaire devant un tribunal sp\u00e9cialis\u00e9. L&#8217;action p\u00e9nale pour les cas particuli\u00e8rement graves.<\/p>\n<ol>\n<li>Exemples concrets<\/li>\n<\/ol>\n<p>Actions lors des salons en Chine. Contrefa\u00e7on de brevet.<\/p>\n<p><strong>\u00a0<\/strong><\/p>\n<p><strong>\u00a0<\/strong><\/p>\n<p><strong><u>4<sup>\u00e8me<\/sup> PARTIE\u00a0: BREF APERCU DES ACTIONS DEFENSIVES EN FRANCE<\/u><\/strong><\/p>\n<ol>\n<li>La surveillance des droits et le r\u00f4le des douanes<\/li>\n<li>Bref expos\u00e9 des diff\u00e9rentes proc\u00e9dures judiciaires<\/li>\n<\/ol>\n<p>[\/vc_column_text][\/vc_column_inner][vc_column_inner width=&#8221;1\/2&#8243;][\/vc_column_inner][\/vc_row_inner][\/vc_accordion_tab][\/vc_accordion][\/vc_column][\/vc_row][vc_row css_animation=&#8221;&#8221; row_type=&#8221;row&#8221; use_row_as_full_screen_section=&#8221;no&#8221; type=&#8221;full_width&#8221; angled_section=&#8221;no&#8221; text_align=&#8221;left&#8221; background_image_as_pattern=&#8221;without_pattern&#8221;][vc_column][vc_empty_space][\/vc_column][\/vc_row]<\/p>\n","protected":false},"excerpt":{"rendered":"<p>[vc_row css_animation=&#8221;&#8221; row_type=&#8221;row&#8221; use_row_as_full_screen_section=&#8221;no&#8221; type=&#8221;full_width&#8221; angled_section=&#8221;no&#8221; text_align=&#8221;left&#8221; background_image_as_pattern=&#8221;without_pattern&#8221;][vc_column width=&#8221;1\/4&#8243;][vc_single_image image=&#8221;16213&#8243; img_size=&#8221;full&#8221; qode_css_animation=&#8221;&#8221;][\/vc_column][vc_column width=&#8221;3\/4&#8243;][vc_column_text]Objectifs: Initier les auditeurs au r\u00e9gime de protection des inventions aux Etats-Unis et en Chine et aux sp\u00e9cificit\u00e9s de ces droits quant \u00e0 l\u2019acquisition et \u00e0 l\u2019exploitation de brevets dans ces pays. Pr\u00e9requis&#8230;<\/p>\n","protected":false},"author":1,"featured_media":0,"parent":0,"menu_order":0,"comment_status":"closed","ping_status":"closed","template":"","meta":{"footnotes":""},"class_list":["post-16229","page","type-page","status-publish","hentry"],"_links":{"self":[{"href":"https:\/\/www.paulroubier.com\/index.php\/wp-json\/wp\/v2\/pages\/16229","targetHints":{"allow":["GET"]}}],"collection":[{"href":"https:\/\/www.paulroubier.com\/index.php\/wp-json\/wp\/v2\/pages"}],"about":[{"href":"https:\/\/www.paulroubier.com\/index.php\/wp-json\/wp\/v2\/types\/page"}],"author":[{"embeddable":true,"href":"https:\/\/www.paulroubier.com\/index.php\/wp-json\/wp\/v2\/users\/1"}],"replies":[{"embeddable":true,"href":"https:\/\/www.paulroubier.com\/index.php\/wp-json\/wp\/v2\/comments?post=16229"}],"version-history":[{"count":16,"href":"https:\/\/www.paulroubier.com\/index.php\/wp-json\/wp\/v2\/pages\/16229\/revisions"}],"predecessor-version":[{"id":17237,"href":"https:\/\/www.paulroubier.com\/index.php\/wp-json\/wp\/v2\/pages\/16229\/revisions\/17237"}],"wp:attachment":[{"href":"https:\/\/www.paulroubier.com\/index.php\/wp-json\/wp\/v2\/media?parent=16229"}],"curies":[{"name":"wp","href":"https:\/\/api.w.org\/{rel}","templated":true}]}}