{"id":15897,"date":"2018-07-24T12:14:03","date_gmt":"2018-07-24T10:14:03","guid":{"rendered":"http:\/\/www.paulroubier.com\/?page_id=15897"},"modified":"2022-05-06T15:57:13","modified_gmt":"2022-05-06T13:57:13","slug":"infos-pratiques","status":"publish","type":"page","link":"https:\/\/www.paulroubier.com\/index.php\/infos-pratiques\/","title":{"rendered":"informations pratiques"},"content":{"rendered":"<p>[vc_row css_animation=&#8221;&#8221; row_type=&#8221;row&#8221; use_row_as_full_screen_section=&#8221;no&#8221; type=&#8221;full_width&#8221; angled_section=&#8221;no&#8221; text_align=&#8221;left&#8221; background_image_as_pattern=&#8221;without_pattern&#8221; z_index=&#8221;&#8221; padding_top=&#8221;30&#8243;][vc_column width=&#8221;1\/3&#8243;][vc_column_text]<\/p>\n<h3>Lieu de formation<\/h3>\n<p><strong>Les s\u00e9ances ont lieu dans les locaux du Centre (salles de la CCI) pour le cycle brevet<\/strong><br \/>\n3, Place de la Bourse \u2022 69002 LYON[\/vc_column_text][vc_single_image image=&#8221;16679&#8243; img_size=&#8221;full&#8221; qode_css_animation=&#8221;&#8221;][vc_column_text]<strong>[vc_separator type=&#8217;normal&#8217; position=&#8217;center&#8217; color=&#8221; thickness=&#8221; up=&#8221; down=&#8221;]<\/strong><\/p>\n<p><strong>et dans les locaux de l\u2019Universit\u00e9 Lyon III pour les journ\u00e9es d\u2019actualisation<\/strong><br \/>\n15 Quai Claude Bernard \u2022 69007 Lyon (M\u00e9tro Guilloti\u00e8re).<\/p>\n<p>[\/vc_column_text][vc_single_image image=&#8221;16257&#8243; img_size=&#8221;full&#8221; qode_css_animation=&#8221;&#8221;][vc_column_text]<\/p>\n<h5>[vc_separator type=&#8217;normal&#8217; position=&#8217;center&#8217; color=&#8221; thickness=&#8221; up=&#8221; down=&#8221;]<\/h5>\n<h3>Horaires<\/h3>\n<p>Sauf indications contraires :<br \/>\nMercredi : 9h00 &#8211; 17h30<br \/>\nJeudi : 8h30 &#8211; 17h00<br \/>\nPause d\u00e9jeuner : 12h30 &#8211; 14h00[\/vc_column_text][\/vc_column][vc_column width=&#8221;1\/3&#8243;][vc_column_text]<\/p>\n<h3>Acc\u00e8s<\/h3>\n<p><strong>Par avion :<\/strong><br \/>\nL&#8217;a\u00e9roport de Lyon Saint-Exup\u00e9ry est situ\u00e9 \u00e0 15 km \u00e0 l&#8217;est de Lyon. Pr\u00e9voir un trajet de 30 minutes. Le tramway Rh\u00f4neexpress permet de rejoindre la Gare Part-Dieu toutes les 15 minutes.<\/p>\n<p><strong>Par le train :<\/strong><br \/>\nDe la Gare de Perrache.<br \/>\nPrendre le M\u00e9tro A. Arr\u00eat Cordeliers. 5mn (\u00e0 pied, 28 minutes, 2,3km via rue Auguste Comte et Rue de la R\u00e9publique).<\/p>\n<p>De la Gare Lyon Part Dieu<br \/>\nPrendre le Bus C3 (d\u00e9part Thiers-Lafayette, arr\u00eat Cordeliers), 14 minutes, ou C13 (d\u00e9part Gare Part Dieu Vivier-Merle, arr\u00eat Cordeliers), 14 minutes (\u00e0 pied, 30 minutes, 2,3km via Cour Lafayette).<\/p>\n<p><strong>En bus et en m\u00e9tro :<\/strong><br \/>\nArr\u00eat Cordeliers, bus lignes C13, C14, C3, m\u00e9tro ligne A.<\/p>\n<p>[vc_separator type=&#8217;normal&#8217; position=&#8217;center&#8217; color=&#8221; thickness=&#8221; up=&#8221; down=&#8221;]<\/p>\n<h5><strong>Livret d&#8217;accueil du stagiaire<\/strong><\/h5>\n<p>Ce livret contient des informations pratiques compl\u00e9mentaires sur l&#8217;organisation et le d\u00e9roulement des formations. Vous pouvez le t\u00e9l\u00e9charger <a href=\"https:\/\/www.paulroubier.com\/wp-content\/uploads\/2022\/05\/CPR-Livret-daccueil-du-stagiaire.pdf\">ici<\/a> ou sur la page &#8220;Formations&#8221;.<\/p>\n<p>[vc_separator type=&#8217;normal&#8217; position=&#8217;center&#8217; color=&#8221; thickness=&#8221; up=&#8221; down=&#8221;]<\/p>\n<h5><strong>Handicap et besoins particuliers<\/strong><\/h5>\n<p>Le Centre Paul Roubier peut recevoir des stagiaires en situation de handicap. Les formations se d\u00e9roulent alors, si n\u00e9cessaire, dans le bureau d\u2019accueil PMR de la Chambre de commerce de Lyon, situ\u00e9 20, rue de la Bourse, 69002 Lyon. Une possibilit\u00e9 de suivi de formation en distanciel (via un logiciel de vid\u00e9oconf\u00e9rence \u2013 Zoom) et de fa\u00e7on synchrone et\/ou asynchrone peut \u00e9galement \u00eatre mise en place.<\/p>\n<p>Des emplacements de stationnement r\u00e9serv\u00e9s aux PMR se situent \u00e0 proximit\u00e9 de nos salles de formation.<\/p>\n<p>Si vous \u00eates en situation de handicap ou souhaitez des am\u00e9nagements particuliers, merci de contacter d\u00e8s que possible notre r\u00e9f\u00e9rent handicap (P. Kamina, info@paulroubier.com), ou le secr\u00e9tariat du Centre pour \u00e9valuer ensemble vos besoins et voir quelles solutions sont envisageables pour vous accompagner ou vous orienter.[\/vc_column_text][\/vc_column][vc_column width=&#8221;1\/3&#8243;][vc_column_text]<\/p>\n<h3>H\u00f4tels<\/h3>\n<p><strong>Proche du Centre Paul Roubier :<\/strong><\/p>\n<p>HOTEL SILKY<br \/>\n2 place Francisque Regaud<br \/>\n69002 Lyon<br \/>\nTel : 04 78 37 17 17<\/p>\n<p>L&#8217;H\u00f4tel Silky accorde des conditions pr\u00e9f\u00e9rentielles aux stagiaires du Centre. Merci de contacter le Centre pour les d\u00e9tails avant toute r\u00e9servation.[vc_separator type=&#8217;normal&#8217; position=&#8217;center&#8217; color=&#8221; thickness=&#8221; up=&#8221; down=&#8221;]<\/p>\n<p><strong>A proximit\u00e9 de la gare de Perrache :<\/strong><\/p>\n<p>HOTEL MERCURE CHATEAU PERRACHE<br \/>\n12 Cours de Verdun<br \/>\n69002 Lyon<br \/>\nTel : 04 72 77 15 00<br \/>\nFax : 04 78 37 06 56[vc_separator type=&#8217;normal&#8217; position=&#8217;center&#8217; color=&#8221; thickness=&#8221; up=&#8221; down=&#8221;]<\/p>\n<p>HOTEL DU SIMPLON<br \/>\n11 Rue Duhamel<br \/>\n69002 Lyon<br \/>\nTel : 04 78 37 41 00<br \/>\nFax : 04 78 37 12 72[vc_separator type=&#8217;normal&#8217; position=&#8217;center&#8217; color=&#8221; thickness=&#8221; up=&#8221; down=&#8221;]<\/p>\n<p><strong>Dans le centre de Lyon :<\/strong><\/p>\n<p>HOTEL DES ARTISTES<br \/>\n8 Rue Gaspard Andr\u00e9<br \/>\n69002 Lyon<br \/>\nTel : 04 78 42 04 88[vc_separator type=&#8217;normal&#8217; position=&#8217;center&#8217; color=&#8221; thickness=&#8221; up=&#8221; down=&#8221;]<\/p>\n<p>LE REPUBLIK HOTEL<br \/>\n18 Rue Bellecordi\u00e8re<br \/>\n69002 Lyon<br \/>\nTel : 04 78 42 27 78[vc_separator type=&#8217;normal&#8217; position=&#8217;center&#8217; color=&#8221; thickness=&#8221; up=&#8221; down=&#8221;][\/vc_column_text][\/vc_column][\/vc_row][vc_row css_animation=&#8221;&#8221; row_type=&#8221;row&#8221; use_row_as_full_screen_section=&#8221;no&#8221; type=&#8221;full_width&#8221; angled_section=&#8221;no&#8221; text_align=&#8221;left&#8221; background_image_as_pattern=&#8221;without_pattern&#8221;][vc_column][vc_empty_space][\/vc_column][\/vc_row]<\/p>\n","protected":false},"excerpt":{"rendered":"<p>[vc_row css_animation=&#8221;&#8221; row_type=&#8221;row&#8221; use_row_as_full_screen_section=&#8221;no&#8221; type=&#8221;full_width&#8221; angled_section=&#8221;no&#8221; text_align=&#8221;left&#8221; background_image_as_pattern=&#8221;without_pattern&#8221; z_index=&#8221;&#8221; padding_top=&#8221;30&#8243;][vc_column width=&#8221;1\/3&#8243;][vc_column_text] Lieu de formation Les s\u00e9ances ont lieu dans les locaux du Centre (salles de la CCI) pour le cycle brevet 3, Place de la Bourse \u2022 69002 LYON[\/vc_column_text][vc_single_image image=&#8221;16679&#8243; img_size=&#8221;full&#8221; qode_css_animation=&#8221;&#8221;][vc_column_text][vc_separator type=&#8217;normal&#8217; position=&#8217;center&#8217; color=&#8221;&#8230;<\/p>\n","protected":false},"author":1,"featured_media":0,"parent":0,"menu_order":0,"comment_status":"closed","ping_status":"closed","template":"","meta":{"footnotes":""},"class_list":["post-15897","page","type-page","status-publish","hentry"],"_links":{"self":[{"href":"https:\/\/www.paulroubier.com\/index.php\/wp-json\/wp\/v2\/pages\/15897","targetHints":{"allow":["GET"]}}],"collection":[{"href":"https:\/\/www.paulroubier.com\/index.php\/wp-json\/wp\/v2\/pages"}],"about":[{"href":"https:\/\/www.paulroubier.com\/index.php\/wp-json\/wp\/v2\/types\/page"}],"author":[{"embeddable":true,"href":"https:\/\/www.paulroubier.com\/index.php\/wp-json\/wp\/v2\/users\/1"}],"replies":[{"embeddable":true,"href":"https:\/\/www.paulroubier.com\/index.php\/wp-json\/wp\/v2\/comments?post=15897"}],"version-history":[{"count":41,"href":"https:\/\/www.paulroubier.com\/index.php\/wp-json\/wp\/v2\/pages\/15897\/revisions"}],"predecessor-version":[{"id":16982,"href":"https:\/\/www.paulroubier.com\/index.php\/wp-json\/wp\/v2\/pages\/15897\/revisions\/16982"}],"wp:attachment":[{"href":"https:\/\/www.paulroubier.com\/index.php\/wp-json\/wp\/v2\/media?parent=15897"}],"curies":[{"name":"wp","href":"https:\/\/api.w.org\/{rel}","templated":true}]}}